n thousands digit of (260562/21 - (-4)/(-14)) + (-39)/91?
1
Suppose -5*g = 5*j - 12090, 4*g + 956 = -3*j + 8206. Let n be 7/14 + j/4. Suppose 11*z - n = 5*z. What is the hundreds digit of z?
1
Suppose 0*g + 2*g + 76 = 2*j, j + 3*g - 38 = 0. Suppose 354 = j*l - 35*l. Suppose -4 = 4*m, 5*o - 4*m + l - 382 = 0. What is the units digit of o?
2
Let t = -434 - -438. What is the tens digit of 80509/65 - (t/10)/(-1)?
3
Let c(y) = y**3 + 2*y**2 + 2*y + 361. Let w be (3 + 2 + -5)*-1. What is the units digit of c(w)?
1
Let t(v) = 7684*v**3 - 30*v**2 + 30*v - 2. What is the tens digit of t(1)?
8
Let f(b) = 1562*b - 1734. What is the units digit of f(9)?
4
Let c be 6/1 - (17 - 13). Suppose 3*b - 455 = -c*p + 1933, -5*b + 3973 = p. What is the tens digit of b?
9
Let p = -2440 - -6613. What is the units digit of p?
3
Let n(c) = 55 + 23*c - c**2 + 17 + 35 + 15*c. What is the units digit of n(33)?
2
Suppose -31 = -h + 1040. What is the units digit of h?
1
Let r be (180/(-10))/((-5)/((-280)/12)). What is the units digit of (86/3)/((-4)/r)?
2
Suppose -o + 1 = 2, 5*o = -5*i - 1985. Let x = -318 - i. What is the tens digit of x?
7
Suppose 3*k - 32 = 39*x - 34*x, 5*k - 3*x - 48 = 0. Let l(v) = -v**3 + 10*v**2 + 21*v - 43. What is the units digit of l(k)?
7
Let u(j) = j**3 + 40*j**2 - 52*j - 25. Let p = -609 - -568. What is the tens digit of u(p)?
2
Let k(u) = -101*u + 1412. What is the tens digit of k(-27)?
3
Let r be (-1)/((-2)/(-2 + -2)). Let x be (-1457)/r + (-18)/(-36). Suppose j = -4*v + 199, -3*j = -5*v - x + 47. What is the hundreds digit of j?
2
Let c = -383 - -385. Suppose -63 - 249 = -4*h - c*g, -4*h + 3*g + 302 = 0. What is the units digit of h?
7
Suppose 19492 = -15*w + 60592. What is the tens digit of w?
4
Let f(u) = 66*u**2 + 344*u - 19. What is the hundreds digit of f(12)?
6
Let l = 200 - 201. What is the hundreds digit of ((-1112)/10)/(l + 3/5)?
2
Let h = 442 + 2795. What is the hundreds digit of h?
2
Suppose -6 = 3*d + 2*n, 0*d + 5*d = 3*n + 9. Suppose 2*o - 21 = k + 393, o - 2*k - 201 = d. Let v = -123 + o. What is the tens digit of v?
8
Let b(s) = -s**2 - 14*s - 28. Let d be b(-2). What is the hundreds digit of (-1 + 1 - d)*(-1563)/(-12)?
5
Suppose m = -0*m + 3*a + 1071, 4*m - 4311 = 3*a. Suppose -3*o + 3*k + 616 = -k, -5*o - 4*k = -m. Suppose 3*z = o - 29. What is the units digit of z?
1
Suppose -22*v + 829 = -403. Suppose -v*n - 2210 = -5*c - 61*n, -3*n - 6 = 0. What is the hundreds digit of c?
4
Let s(f) = 3*f**2 - 2*f - 8. Let o be s(2). Suppose 5*q - 3*m = 675, 4*q + o*m = 3*m + 537. What is the hundreds digit of q?
1
What is the hundreds digit of (1 + -6 - -13) + 5947?
9
Let p be ((-2)/4)/(15/(-150)). Suppose -2*x = 3*j - 152 + 13, p*x + 2*j = 342. Suppose 3*s = 4*s - x. What is the tens digit of s?
6
Let w = 1689 + -1687. Let l be -1*2*6/(-4). Suppose 0 = -l*d - 12, w*i - 4*d - 208 = -2*i. What is the units digit of i?
8
Let n(f) = -11*f**3 - f**2 - 8*f - 8. Let x be n(-1). Suppose 1714 = 3*j + 2*v - 7*v, 0 = -2*v - x. What is the units digit of j?
3
Suppose 0*a = -a. Let t(s) = 7*s**2 + 6*s + 66. Let h(i) = -39*i**2 - 32*i - 332. Let d(c) = 2*h(c) + 11*t(c). What is the tens digit of d(a)?
6
Suppose -10*a - 24*a + 442 = 0. Let d(z) = -z**3 + 18*z**2 + 9*z - 13. What is the hundreds digit of d(a)?
9
Suppose 42*r - 68799 = 103317. What is the hundreds digit of r?
0
Let s = -3324 - -462. Let p = -1886 - s. What is the hundreds digit of p?
9
Let l = -1229 + 300. What is the tens digit of -5 + (24/(-3) - l)?
1
Let s be (-51 + 38)*(-1 + -3). Suppose -5*r = -2*v - 742, -r - s = -3*v - 203. What is the units digit of r?
8
Suppose 0 = -5*c - 2*a + 231598, 12*c - 9*c + 5*a - 138974 = 0. What is the hundreds digit of c?
3
Let r(p) = -p - 7. Let h be r(-7). Suppose -5*o + 6*o + a + 81 = h, 3*a = -o - 87. Let g = 36 - o. What is the hundreds digit of g?
1
Suppose 2*i = 7*i, 3*j - i = 12. Suppose 1660 = j*r - 3*w, 2*r - 3*w = -w + 828. What is the hundreds digit of r?
4
Let q(k) = k + 1. Let t be q(5). What is the tens digit of ((-202)/t)/(14/(-126))?
0
Suppose 0 = -0*f + f - 7. Suppose -r = o - 214, o = f*r - 3*r + 234. Let p = o + -110. What is the tens digit of p?
0
Suppose 482 = 3*z - 2074. What is the hundreds digit of z?
8
Suppose 6*a + 166*a = 165464. What is the units digit of a?
2
Suppose -4*p = -16, -2*p - 15654 = -5*z + 16118. What is the units digit of z?
6
Suppose -189*v + 1291465 + 552986 + 161217 = 0. What is the units digit of v?
2
Let p(a) = 8*a**2 + a. Let g be -4*(-2)/(-8)*-2. Let q be p(g). What is the tens digit of (-1 + (-18)/12)*q/(-1)?
8
Let o(p) = -915*p + 277. What is the hundreds digit of o(-3)?
0
Let a = 95290 - 42889. What is the tens digit of a?
0
Suppose b - 63*b + 278219 + 665669 = 0. What is the hundreds digit of b?
2
Let r = -1862 - -1856. Let k(m) = 14*m**3 + 4*m**2 - 5*m - 4. Let h be k(5). What is the tens digit of ((-2)/r + h/(-9))/(-2)?
0
Let y be (-37)/(-3)*23/((-207)/135). Let m be 8995/20 + (-3)/(-12). Let u = y + m. What is the tens digit of u?
6
Let v be 2 - 35/21 - 2768/6. Let l = 9 - v. Suppose 0 = -5*a + l + 95. What is the hundreds digit of a?
1
Let o(q) = -69*q + 231. Let r be o(11). Let m = r + 723. What is the tens digit of m?
9
Let p(m) = 3*m**2 - 2*m - 1. Let w be p(-1). Let x = 7242 + -6546. Suppose -x = -w*u + u. What is the hundreds digit of u?
2
Let w = 17783 - 10047. What is the hundreds digit of w?
7
Suppose 1198*w - 86697 = 1185*w. What is the units digit of w?
9
Let w(m) = 1031*m**2 - 25*m + 223. What is the thousands digit of w(7)?
0
Suppose -15*p - 462 = -p. What is the thousands digit of p/(-9)*(0 - -288)?
1
Suppose l = -3*i, 4*l + 0*i = 5*i + 17. Suppose -4*o = l*u - 820, -o = -u - 239 + 27. What is the hundreds digit of o?
2
Let p(l) = 5145*l**2 - 2943*l + 11791. What is the hundreds digit of p(4)?
3
Let l be (2 - 96/42) + (-121)/(-7). Suppose -l*a - a = -1044. What is the tens digit of a?
5
Let l be (-7 - -11) + -4*(-505)/2. Suppose 76*v = 73*v + l. What is the tens digit of v?
3
Let c(w) = 1080*w**2 + w + 11 - 21 + 15*w**2 - 83*w**2 + 11. What is the tens digit of c(-1)?
1
Let j = -106 - -541. Let x = -91 + j. What is the hundreds digit of x?
3
Let g be (121/(-22))/((-1)/10). Let n = -35 + 15. Let o = n + g. What is the units digit of o?
5
Suppose 5*v + 177 = -203. Let x = 303 + v. What is the units digit of x?
7
Suppose 12 = -c + 13. Let f be c + 5/(3 + -4) - -6. Suppose 445 = f*q + 3*w + 142, -q - 3*w = -144. What is the units digit of q?
9
Suppose 7*v = -16 + 58. Suppose 0 = -v*d + 357 + 1311. What is the tens digit of d?
7
Let r(m) = -991*m + 10782. What is the units digit of r(-35)?
7
Let h = -6627 + 13166. What is the thousands digit of h?
6
Suppose -4*d = -3*l, -2*l + 7*l = -5*d + 35. Suppose -w + l = -4. Suppose 2*f = -2*f + w, 0 = r - f - 151. What is the hundreds digit of r?
1
Let u(w) = 18*w**2 + 16*w + 78. What is the ten thousands digit of u(40)?
2
Suppose 4*m - 11*w = -10*w + 48728, 0 = 5*m + 3*w - 60927. What is the hundreds digit of m?
1
Let m(v) = -v**3 - 15*v**2 - 16*v - 28. Let d be m(-14). Suppose -644*j + 650*j - 216 = d. What is the tens digit of j?
3
Suppose -44*n = -18*n - 46618. What is the tens digit of n?
9
Suppose 2*z = 5*l - 2*z - 18426, 4*z = l - 3698. Suppose -2*q = 2*v - 1470, -7*v + 5*v = -5*q + l. What is the hundreds digit of q?
7
Let w(k) = 2*k**3 + 196*k**2 + 75*k + 135. What is the tens digit of w(-94)?
7
What is the hundreds digit of (6*182882/(-42))/(6/10 + -1)?
3
What is the thousands digit of ((-14)/(-6))/(3/4959)?
3
Let p = 12636 + -2187. What is the units digit of p?
9
Let i = -119 + 126. Suppose i*l + 2625 = 10*l. What is the tens digit of l?
7
Let v(w) = -w + 22. Let j(u) = -1. Let l(z) = 2*j(z) - v(z). Let d be l(24). Suppose -o - 103 + 312 = d. What is the hundreds digit of o?
2
Let b be 4/((-16)/30)*17184/(-72). Suppose -2*c = -12*t + 11*t + 345, -5*t - 3*c = -b. What is the units digit of t?
5
Let l(i) = 2*i**3 - 17*i**2 + 30*i - 6. Let o be l(13). Suppose -6*a - o = -11*a. What is the tens digit of a?
8
Suppose 70 - 145 = -15*d. Suppose -2*h + 309 = -18*g + 17*g, -d*g = -5*h + 765. What is the units digit of h?
6
Let s(c) = c**3 + 4*c**2 + 2*c - 3. Let x be s(-3). Suppose x*m + m = 6. What is the units digit of (m - (-200)/(-35)) 